 of a and w.
14
Let g = -14 + 20. Let m = 19 + -24. Let n be g/m*(-90)/12. What is the highest common factor of n and 18?
9
Let f(i) = 14*i + 1. Let k be f(1). Suppose 13*n + 1 = 27. Suppose -5*j = 4*t - n*t - 5, -5*t + 3*j = -90. Calculate the highest common divisor of k and t.
15
Suppose -u + 91 = 65. What is the highest common factor of 286 and u?
26
Suppose 2*k + 7*u + 8 = 3*u, 5*u = 3*k - 21. Let g = 145 + -143. Let a be g*(-175)/(-20) + (-2)/(-4). What is the highest common factor of a and k?
2
Let d = -12005 - -12057. Let b(c) = 82*c + 6. Let r be b(5). What is the highest common divisor of r and d?
52
Suppose 4*h + 0*h = 4*g - 108, -75 = -3*g + 5*h. Suppose p = 231 - 219. What is the highest common factor of p and g?
6
Let n be (-12)/(-15)*(13 + -3). Suppose -48 = n*j - 12*j. What is the highest common divisor of j and 30?
6
Let p be (-16)/(-40)*5 + -6 + 487. What is the highest common divisor of p and 105?
21
Suppose -39 = 4*n + q, 5*n + q + 39 = 3*q. Let s(m) = -m**2 - 9*m + 5. Let c be s(n). Suppose -39 = 2*d - c*d. What is the greatest common factor of 65 and d?
13
Let v = -30 + 37. Let l be 5*v - 12/6. What is the highest common divisor of l and 198?
33
Let l = -50 + 104. Let x(q) be the first derivative of q**3/3 + 3*q**2 - 21*q - 8. Let u be x(-9). Calculate the highest common factor of u and l.
6
Suppose -25*w + 672 = -1953. Calculate the greatest common divisor of w and 6.
3
Suppose 5*a + 14 = -4*i + 114, 0 = -5*a + 5*i + 55. Calculate the highest common factor of a and 1776.
16
Let z(m) = m**3 - 4*m**2 - 3*m - 16. Let b be z(8). Calculate the greatest common divisor of b and 96.
24
Let t(f) = -134*f + 273*f - 137*f + 74. Let z be t(-17). Let h(n) = 6*n**2 - 2*n - 4. Let v be h(-4). What is the greatest common divisor of v and z?
20
Let u be (-6)/(-9)*(-54)/36 - -2653. Calculate the greatest common factor of 26 and u.
26
Let g(t) = -t**2 + 29*t - 25. Let q be g(19). Suppose 2*s + 3*s - 75 = 0. What is the greatest common divisor of q and s?
15
Suppose w = 3*x - 11, -4*x - 4*w = -0*x - 20. Suppose 4*z = 3*v - 11, x*z + 29 = v + 4*v. What is the highest common factor of 1 and v?
1
Let c(r) = 0*r**2 + r**3 - 9*r**2 - 3*r**2 - 9*r - 9 + r**2. Let l be c(12). Calculate the highest common factor of 9 and l.
9
Suppose -5*o - j = -8, -3*o - 10 = -5*o + 3*j. Suppose -o*d + 6 + 2 = 0. Suppose d*i - 474 = 318. Calculate the greatest common divisor of 18 and i.
18
Suppose -5*d = 19*d - 1320. What is the highest common factor of d and 770?
55
Suppose -42 = -4*l + l. Let o(v) = 66*v + 1. Let t be o(2). Suppose 4*j - 5*k - t - 315 = 0, j = 2*k + 112. Calculate the greatest common factor of j and l.
14
Let w(g) = -g**3 + 12*g**2 + 28*g - 11. Let j be w(13). Calculate the highest common divisor of 69 and j.
23
Suppose 0*d = 4*d. Suppose 5*j - t - 365 - 81 = d, 3*j + t = 274. What is the greatest common divisor of j and 10?
10
Let z(l) = -l**2 + 39*l - 6. Let o be z(37). What is the highest common divisor of 612 and o?
68
Suppose -340 = -60*o + 56*o. Suppose 97 - o = 2*r. Calculate the highest common factor of r and 30.
6
Let c be (-6)/(-14) - (-120384)/462. Calculate the highest common factor of 18 and c.
9
Let f = -28 + 32. Suppose 0 = -2*n + f + 26. What is the greatest common divisor of n and 135?
15
Suppose -5*u + 489 = 14. Calculate the greatest common factor of u and 5.
5
Let a = 2068 - 1628. Calculate the greatest common divisor of a and 66.
22
Let i(m) be the third derivative of m**5/20 + m**4/8 - 3*m**2 + 20. Suppose 0 = 5*w - 17 + 2. Let u be i(w). Calculate the greatest common divisor of u and 9.
9
Suppose -3*g + 25 = -4*j, g + 2*j = -4*g + 33. Suppose -330 = 43*k - 1233. Calculate the highest common divisor of g and k.
7
Suppose 0 = -3*z - z + 36. Suppose z*n = 19*n - 360. Calculate the highest common divisor of n and 144.
36
Let p = 60 - -70. Calculate the highest common divisor of 325 and p.
65
Let i = 949 + 264. Suppose -4*q - q = -x - i, 1225 = 5*q + 5*x. Calculate the greatest common divisor of q and 27.
27
Suppose 375*d - 368*d - 2044 = 0. What is the highest common divisor of 219 and d?
73
Let l(d) = -d + 13. Let a be l(9). Suppose v = 5*v - t - 8, 8 = a*v + 4*t. Suppose -v*i + 234 = -0*i. What is the highest common divisor of 13 and i?
13
Let t(f) = -f**2 - 17*f. Let p be t(-17). Suppose -r - 2*r + 6 = p. Calculate the greatest common divisor of 2 and r.
2
Let s(y) = y**2 + 9*y + 15. Let c be s(-10). Suppose -a = -c + 19. Calculate the greatest common factor of 78 and a.
6
Let m(g) = -g + 26. Let q be m(11). Let k be q/(-1) + -5 + 1. Let d = k + 23. What is the highest common divisor of d and 8?
4
Let n(j) = 34*j + 4. Let f be n(3). Suppose -5*q - 4 = 3*l - f, 0 = -4*l - 3*q + 125. Let b = l - 7. Calculate the highest common divisor of 55 and b.
11
Let l = -487 - -515. Suppose 100 = 2*g + 4*u, -5*u = -11 - 9. What is the greatest common factor of l and g?
14
Let l = -67 - -69. Suppose l*v - 20 - 14 = 0. Let h = -95 + 248. Calculate the greatest common factor of h and v.
17
Suppose 0 = -2*y + y + 44. Suppose -c - y = -5*c. What is the greatest common divisor of 77 and c?
11
Let f = -32 - -35. Suppose 7*c = f*c + 28. What is the highest common factor of c and 7?
7
Let z(g) = -79*g**2. Let j be z(-1). Suppose -4*q + 0*m = -2*m + 568, -3*m = 0. Let o = j - q. Calculate the greatest common factor of 7 and o.
7
Let j(q) = q**2 + 6*q + 4. Let z be j(-6). Calculate the highest common divisor of z and 52.
4
Let y = 12 + -10. Suppose -b - 4*b + 4*o = -75, -y*o = 0. Let c be 1/((-105)/(-25) + -4). Calculate the greatest common factor of b and c.
5
Suppose 8*s - 58*s = -700. Suppose -2*p - 2*x + 28 = 0, x + 12 + 2 = p. What is the greatest common divisor of p and s?
14
Suppose -21*r + 140 = -16*r. What is the greatest common factor of r and 4?
4
Let z(j) = 62*j + 12. Let r be z(2). Calculate the highest common factor of r and 8.
8
Let o(x) = -62*x - 4. Let b be o(-9). Let i = b + -231. Suppose -13 - i = -4*j. What is the highest common factor of j and 56?
28
Suppose 10 = 25*f - 20*f. Suppose f*c = -2*v + 58, c = -3*v - 13 + 46. What is the greatest common divisor of 18 and c?
9
Let f be 1562/18 + 3 + (-10)/(-45). Suppose -h + 4*h = f. Suppose 5*v - 20 = -n, v + 59 = -n + 5*n. What is the greatest common divisor of n and h?
15
Let z(p) = -p**3 - 36*p**2 - 130*p - 50. Let t be z(-32). Let l(m) = m + 14. Let f be l(0). Calculate the highest common divisor of t and f.
14
Let a = -5 - -17. Let d be 2/((a/(-15))/(-2)). Let c(f) = -8*f - 1. Let l be c(-7). Calculate the greatest common divisor of d and l.
5
Let a(j) = 3*j + 97. Let b(g) = -g - 98. Let w(m) = -3*a(m) - 2*b(m). Let h be w(-15). What is the greatest common factor of 250 and h?
10
Let b = -24 + 79. Let f be -1 - 3 - (9 + 71). Let h be 1/(-4 - f/20). What is the highest common divisor of b and h?
5
Let j(s) = s**2 + 8*s + 4. Let q be j(-8). Let t be (-2 - 2/q)*-16. Calculate the highest common divisor of 10 and t.
10
Suppose 12*c - 3408 = 9840. What is the greatest common factor of c and 16?
16
Let m = 186 - 114. Calculate the greatest common factor of m and 168.
24
Let p(s) = 4*s**2 - s + 94. Let f be p(-22). Calculate the highest common divisor of 36 and f.
36
Let n = -6 - -11. Let k = n + 3. Suppose -16 = -4*g + k. Calculate the highest common divisor of g and 24.
6
Let j = 1281 - 565. Calculate the greatest common factor of j and 4.
4
Let w(g) = -37*g - 475. Let h be w(-13). What is the highest common divisor of 75 and h?
3
Let m be (0 + 2/6)*30. Suppose 4*y - 46 - m = 2*z, -4*z = -3*y + 37. Suppose 2*c + 1 - y = 0. What is the greatest common factor of 28 and c?
7
Suppose -27 = -5*d + 5*o - 2, -o = 2*d + 2. Let f = 25 + -20. What is the highest common divisor of d and f?
1
Let z = 242 - 142. Calculate the greatest common divisor of 25 and z.
25
Let u(d) = -2*d**2 + 58*d - 100. Let o be u(26). Calculate the greatest common factor of 21 and o.
7
Suppose -3*m - 2*m - 15 = 0. Let p(n) = -9*n - 3 + 2 - 7. Let s be p(m). Calculate the highest common factor of 57 and s.
19
Let n be (1/(-2))/((-6)/1200 + 0). Let o be (n/(-5) + -1)*-3. Calculate the greatest common divisor of o and 7.
7
Let k be 340/6 + (-6 - (-171)/27). What is the greatest common factor of 19 and k?
19
Suppose 